**3 + 5*a**2 - 3*a - 2. Let w be b(5). Suppose -5*g + 277 - 7 = 0. Let h = w + g. Is h a prime number?
True
Let y = 3728 + -2479. Is y a prime number?
True
Let p be 32 + -2 - (-1 + 4). Suppose 0 = 2*i - p - 5. Suppose -3*n + 9*w - 4*w + i = 0, 2*w - 6 = -5*n. Is n a prime number?
True
Let h(n) be the first derivative of 0*n**3 - 3/4*n**4 + n + 2 + n**2. Is h(-2) composite?
True
Let l(o) = o**3 + 3*o**2 + 2*o - 1. Is l(3) a prime number?
True
Let s = 86 - -105. Is s a prime number?
True
Suppose 13 = -5*v + 2*s, s - 9 = 2*v + 4*s. Let r(y) = -3 + 6 - y**3 - y**3 - 2*y**2. Is r(v) a composite number?
True
Let i(k) = -208*k**2 + k - 1. Let m be i(1). Let o = -81 - m. Is o composite?
False
Let m(p) be the first derivative of -14*p**2 - 7*p + 4. Is m(-6) a prime number?
False
Let o(n) = n**2 - 6*n. Let b be o(6). Suppose -4*k = b, 5*a - 5*k = 777 + 98. Suppose -a = -m - 4*m. Is m a prime number?
False
Let o(a) be the third derivative of a**6/120 - 11*a**5/60 + 5*a**4/12 + 7*a**3/3 - 2*a**2. Is o(10) prime?
False
Let b(t) = -t**2 - 7*t - 6. Let h be b(-6). Suppose -2*o + 86 = -h*o. Suppose -5*n - o = -428. Is n a prime number?
False
Let k be (-8)/(-28) - 676/14. Let f = 87 + k. Is f composite?
True
Let n(c) = 7*c**2 - 4*c + 7. Let g be n(-5). Suppose -2*o - 5*z = o - 162, 4*o - g = -2*z. Is o composite?
True
Let w be (1325/4)/((-4)/(-16)). Is 2/(-8) + w/4 a prime number?
True
Let g be -2 - 7/(14/(-652)). Suppose -g + 34 = -2*o. Is o a composite number?
True
Suppose 0 = 8*i - 4*i - 12, 2*q + 2*i = 136. Suppose -2*k + q = 3*k. Is k a prime number?
True
Suppose -7*b + 321 = -1233. Suppose -z + 4*z - 5*r - b = 0, -z - 3*r = -88. Is z a composite number?
False
Let n(w) = w**2 - 10*w + 11. Let z be n(9). Let o be ((-1)/(1/(-218)))/z. Suppose -5*m = -3*g - o, 57 = 4*m - 4*g - 27. Is m prime?
True
Suppose -2*z + 259 = -z. Is z prime?
False
Suppose -5 = w + 1. Is ((-28)/w)/((-18)/(-837)) a composite number?
True
Let l = -10 - -34. Let v = l - 14. Is v a composite number?
True
Suppose 4*x - 2*z - 174 = -0*z, -3*z = 3*x - 117. Let w = -19 + x. Is w composite?
False
Let n(t) = 7*t**2 - 10*t + 9. Let z be n(6). Suppose -2*p - 5*o + 221 = 2*p, -o + z = 4*p. Is p a prime number?
False
Suppose 4*s - 4*n - n = 6, 5*n = -2*s + 18. Suppose -4*d - 132 = s*v, -v + 27 = 2*d + 88. Is (1/(-2))/(1/d) a composite number?
True
Let n be 2/(((-28)/(-8))/7). Suppose -5*p = -p - n*t - 1024, 4*p - 1014 = 2*t. Is p prime?
True
Let g be (2/6)/((-3)/(-18)). Let z be (-44)/(-8) + g/4. Let k = 25 - z. Is k prime?
True
Suppose -5 = k, -2*o = 3*o + 4*k - 95. Is o a composite number?
False
Suppose -4*y - g = -197, 0 = 4*y - 5*g - 309 + 118. Is y a prime number?
False
Let g(h) = -2*h**3 - 3*h + 2*h**2 - 2*h**2 - 1 + h**2. Let m(u) = u + 15. Let d be m(-17). Is g(d) composite?
True
Suppose -2*v - 294 + 1816 = -2*t, 3*t = 5*v - 3797. Is v composite?
False
Let c = -4 + 0. Let i be 0*(6/c)/3. Let q(g) = g**3 + g**2 + g + 89. Is q(i) a prime number?
True
Let r be 66 + 0/(8/((-8)/2)). Let l be (-2)/(-5) - (-26)/10. Suppose -r = -0*t - l*t. Is t composite?
True
Let r = 5 - -1. Let z(n) = 27*n - 3. Is z(r) prime?
False
Suppose -3*y + i + 23 = -9, -i + 38 = 4*y. Is y prime?
False
Let c(d) = d**2 - 7*d + 4. Let p be c(6). Let m = p + 3. Is 7 - (3 + (-2)/m) prime?
False
Suppose -4*v + 8 = -6*v. Let l be v/1 - -2 - -41. Suppose q - l = -2*q. Is q prime?
True
Suppose -8 = -4*h + 4*y, 20 = 4*h - 2*y + y. Let o(t) = 19*t + 13. Is o(h) a composite number?
False
Let d be (-1 - 2)*(1 - 2). Suppose -25 = -d*m + 170. Is m prime?
False
Suppose -6 = -5*q + 4. Suppose 0 = q*k, -235 = 5*n + 2*k - 810. Is n a composite number?
True
Suppose 4*a = 2*n + 18, 4*a = -0*n - 3*n + 23. Suppose -2245 = -0*b - a*b. Is b a composite number?
False
Let i = -941 + 1626. Is i composite?
True
Let f = 2 - 10. Let h(p) = p**3 + 8*p**2 - 3*p - 9. Is h(f) composite?
True
Suppose 0 = -4*x, 2*x - 1251 = -3*t + 3*x. Is t composite?
True
Suppose 4*p = -8, -q + 12 + 2 = -5*p. Suppose -328 = -q*l - 0*l. Is l composite?
True
Let r be -2 + 3 - (1 + -6). Is 2/(-3) - (-226)/r a prime number?
True
Let g be 2*-1 + 8 + -8. Let l be -3*(g - 7/(-3)). Is ((-66)/1)/(-1) + l a prime number?
False
Suppose 0 = -3*n + 7*n. Let r be n - (-1 - (-1 - -92)). Suppose 3*z - r = 67. Is z a prime number?
True
Let r(l) = -l**2 - 4*l - l**3 - 3*l**3 + 3*l + 5*l**3. Let d be r(4). Is 1 + (-1 - d)/(-1) a composite number?
True
Let u(i) = 66*i**2 - i - 1. Let s be u(-2). Suppose 2*q = m - 4*m + 126, 0 = 5*q - 5*m - s. Is q prime?
False
Let x = -2758 + 4839. Is x a prime number?
True
Let j(p) = p**3 + 6*p**2 - 9*p - 9. Let f be j(-7). Let o(b) = -b**3 + 6*b**2 - 4*b - 2. Let x be o(f). Suppose x*z = -z + 212. Is z composite?
False
Suppose -148 = -v + 63. Is v a composite number?
False
Suppose 0 = -6*k + 1295 + 1327. Is k composite?
True
Let g(w) = 9*w**2 + w + 1. Is g(-3) composite?
False
Is 3*2/27 - (-1688)/18 a composite number?
True
Let d be 26*14*(-3)/(-12). Suppose -n = 5*z - d, z + n + 42 = 3*z. Is z a composite number?
False
Suppose 906 = 12*v - 50898. Is v composite?
True
Let y(i) = -27*i - 3. Is y(-2) composite?
True
Is 322 + (-2 - 0 - -1) prime?
False
Let q = 422 - 241. Is q a prime number?
True
Suppose 4*k + 19 = 2*i - 7, 0 = k - i + 7. Let d be (-1)/(3/k*1). Suppose -r = 3*w - 451, 0 = d*w + w + 5*r - 467. Is w prime?
True
Suppose 0 = 4*a - 2*a + 4. Is -22*(a + (-1)/(-2)) composite?
True
Suppose 4*b - 2454 = -106. Is b a prime number?
True
Suppose 3*n = 3*s - 90, 0 = n - 5*n - 5*s - 120. Let w = -5 - n. Suppose -p - w = -2*p. Is p prime?
False
Let q(z) = 27*z + 33*z + 94*z. Let b be q(1). Suppose -3*w = -5*p - 69 + 331, 5*w = 3*p - b. Is p a composite number?
False
Let n = 968 - 105. Is n prime?
True
Suppose -2*r = r - 282. Is r a prime number?
False
Let f = -28 - -49. Is f + 2 + 0/1 prime?
True
Suppose -5*f = -0*f + 10, 4*b - f - 14 = 0. Let r = b + -7. Is (0 - -75) + (-2 - r) composite?
True
Is 31*(2 - 1 - 0) composite?
False
Suppose -2*j + 5 - 1 = 0. Suppose a - 132 = -j*a. Suppose 15 = l - a. Is l prime?
True
Suppose -4*s + 45 = 9. Suppose -f + 2 + s = 0. Is f a prime number?
True
Let m(a) = -57*a - 22. Is m(-7) composite?
True
Let f = -397 + 878. Is f a composite number?
True
Let k(p) = 10*p**2 + 4*p - 23. Is k(-12) prime?
False
Let f = 152 - 363. Is -4 + 0 - (f + -4) a prime number?
True
Suppose 440 = 3*v - 229. Is v a prime number?
True
Let v(h) = -6 + 3*h**3 - 2*h**3 + 6*h**2 - 3*h**3 + 3*h**3 - 4*h. Suppose 6 = -2*p + 2*r, -5*p = -3*r - 1 + 20. Is v(p) prime?
False
Let o = 30 - 230. Let g = o + 391. Is g a composite number?
False
Let l be 1/2 + (-4)/8. Suppose l = 4*n - 7 - 133. Is n composite?
True
Suppose 4458 = 4*y - 5*n, 2*y + 2*n + 2228 = 4*y. Let m = y + -793. Is m composite?
True
Is (10/3)/((-16)/(-1128)) composite?
True
Suppose a = 2*a + 5*o + 113, 0 = -a + 2*o - 92. Let k = a + 172. Is k composite?
True
Let j(n) be the third derivative of 7*n**4 - 5*n**3/6 - 7*n**2. Is j(2) composite?
False
Suppose 0 = 9*c + 2785 - 21694. Is c a composite number?
True
Let p(c) = 6*c**2 + 5*c - 4. Let z be p(-5). Suppose -44 = -5*v + z. Is v a prime number?
False
Let j(m) = 71*m**2 - 9*m - 21. Is j(-4) prime?
True
Let i(m) = 0*m**3 - m**3 - 3 - 4*m + 2*m**3 + 2*m**2. Let y be i(-3). Suppose 0 = 4*g + 5*j - 33, -5*g + 3*j + 24 + 8 = y. Is g a composite number?
False
Suppose -4*l + 0*l - 2*m = -56, -l - 2*m = -11. Suppose 0 = 6*i - i - l. Let j(a) = a. Is j(i) composite?
False
Suppose -b - 1 = m + 1, 21 = 2*m - 3*b. Suppose -4*z + m = -5. Suppose 0 = z*v - 32 - 10. Is v a composite number?
True
Let s = -10 + 16. Suppose -s*u - 25 = -u - 4*h, -25 = 5*u + 5*h. Is ((-3)/u)/((-3)/(-15)) prime?
True
Let o = 72 - -5. Is o composite?
True
Suppose 5*s + 0 = 5. Suppose s = 2*o - 21. Suppose -2 = -h + 4*k + o, 5*h - 116 = 3*k. Is h prime?
False
Suppose -k + 2 = -0*k. Let h(o) = -o**3 - 7*o**2 + 6*o + 1. Let f(y) = -y**3 - 8*y**2 + 7*y + 1. Let v(r) = 4*f(r) - 5*h(r). Is v(k) prime?
False
Let y be 0/(-7)*(-2)/(-4). Let v be -1*(-1 - 4/2). Let w = v + y. Is w a composite number?
False
Let o(z) = 2*z**3 - 6*z**2 + 12*z + 3. Is o(8) a composite number?
False
Suppose -2*f = 2*t - 3*t + 457, 469 = t - 5*f. Is t composite?
False
Suppose -3*g + 4*g = 263. Is g a composite